) be the first derivative of 8*g + 9/2*g**2 + 1/3*g**3 - 15. What is u(-8)?
0
Let j(i) = 97 - 10*i + i**2 - 3*i + 4*i - 92. Give j(9).
5
Let s(p) = -p**3 - 5*p**2 + 3*p + 12. Let x(y) = y**2 - 42*y - 140. Let a be x(45). What is s(a)?
-3
Let f = -13 - 0. Let x = 3 + f. Let r(m) = m**3 + 9*m**2 - 10*m + 1. Let n be r(x). Let i(v) = 11*v**2 + 2*v - 1. Calculate i(n).
12
Let h = 2 + 3. Let k = 2 - h. Let o(u) = 5*u - 15*u**2 - 11*u**2 - 15*u**2 + 42*u**2. What is o(k)?
-6
Let u(g) be the third derivative of -g**6/120 + g**5/20 + g**4/8 - g**3 - 2*g**2 - 142*g. Calculate u(3).
3
Suppose 2*x - 12 = -4*h, -2*h - h = -x - 9. Let a(y) = 4 + y**h - 5*y**2 - 19*y + 0 + 6*y + 6*y. Calculate a(6).
-2
Suppose 256 = 23*p + 49. Let z(x) = -x**2 + 14*x - 12. Give z(p).
33
Let t(q) = q + 3. Let m be (-24)/8 + -1 - 5. What is t(m)?
-6
Let d(n) = n**2 + 7*n - 1. Let m(k) = -3*k**2 - 20*k + 4. Let c(o) = 17*d(o) + 6*m(o). Let t = -83 + 83. Give c(t).
7
Let n = -9 - -3. Let z(h) = 133*h - 64*h - 64*h - 5 + 5341*h**2 - 5340*h**2. Calculate z(n).
1
Let f(b) be the second derivative of -b**4/12 + 11*b**3/6 + b**2/2 + 117*b. What is f(11)?
1
Suppose -24 = -w - 8. Suppose 6*p - w*p = 30. Let z(s) = -4*s**2 - 4*s - 1. Give z(p).
-25
Let c(d) be the first derivative of d**4 + d**3/3 - 4*d**2 + 7*d + 32. Let x(u) = -5*u**3 - 2*u**2 + 9*u - 8. Let q(z) = -4*c(z) - 3*x(z). Calculate q(3).
2
Let x = -29 - -31. Suppose 2*u - 14 = -5*y, 3*u + 2*y = -x*y + 14. Let t(d) be the third derivative of d**4/3 - d**3/3 - 5*d**2. Give t(u).
14
Let n(q) = -2*q**2 + 4516 + 15*q**3 + q**2 - 4516. Give n(1).
14
Let y(w) = -w**3 + 8*w**2 - 10*w + 6. Let x = -242 - -249. What is y(x)?
-15
Let w(q) be the first derivative of q**3/3 + q**2/2 + 7*q + 29. Let d = -11 + 11. Determine w(d).
7
Let k(t) = -t + 4. Let l(f) = -f**3 + 6*f**2 - 5*f + 2. Let r be l(5). Let p = -623 - -625. Suppose r*i - 3*d = 4, p*i - i - 2 = 5*d. Determine k(i).
2
Let l(j) be the second derivative of j**4/12 + 4*j**3/3 + 2*j**2 + 59*j. What is l(-4)?
-12
Suppose -4*x + 5*f = -14, -4*x + 3*f + 15 = 5. Let m(o) = -12*o + 1. What is m(x)?
-11
Let o(m) = -m**3 - 10*m**2 - 9*m - 7. Let u(n) = -n**3 - 47*n**2 - 89*n + 36. Let r be u(-45). Determine o(r).
-7
Let j(z) = -6 + 341*z + 318*z - 662*z. What is j(-3)?
3
Suppose -12 = 5*x - 3*x. Let y(g) = 5*g**3 - 6*g**2 - 11*g - 8. Let i(p) = -p**3 + 2*p + 2. Let c(b) = 6*i(b) + y(b). Calculate c(x).
-2
Let l = -33 - -35. Let j(n) = 1 + n + 20*n**2 - 1 - 11*n**l. What is j(1)?
10
Let y(g) be the first derivative of g**4/4 - 4*g**3/3 - g**2/2 - 2*g + 12. Suppose b + 0 - 7 = a, 5*b + 3*a = 11. What is y(b)?
-6
Let x(g) be the first derivative of 2*g + 1/2*g**2 + 15. Give x(-6).
-4
Let q(d) = -d**2 + d - 1. Let x = -44 + 29. Let k = -8 - x. Suppose -2 = -3*f + k. What is q(f)?
-7
Let m(j) = -8*j - 4 + 3*j**2 - 8*j**2 + j**3 + 3*j - 2*j. Let v(k) = -2*k**3 - 7*k**2 + k - 6. Let u be v(-4). Give m(u).
-10
Let m(v) = -v**2 + 4*v + 7. Let i be 21*2*3/(-3). Let a = -37 - i. What is m(a)?
2
Let p(g) be the third derivative of g**7/2520 + g**6/720 + g**5/60 - 11*g**4/24 - 11*g**2. Let t(r) be the second derivative of p(r). What is t(-2)?
4
Suppose -45 = 318*d - 323*d. Let z(s) = s**2 - 10*s + 1. Determine z(d).
-8
Let u(g) = 0*g + 2 + 0*g - g**2 - 3*g. Suppose 3*j - 10 = 2*z - 5, 5*z - j + 19 = 0. What is u(z)?
-2
Let a(h) = -h - 3. Suppose -4*q = 20, -10*k + 11*k = -5*q - 30. Give a(k).
2
Let h(n) = -n + 49. Let g be h(16). Let f(c) = -7 + c**2 + 2 + 37*c - g*c. Give f(-5).
0
Let y be (-8)/6 - (-76)/57. Let o(z) = 6 + z**2 + 8*z - 4 + y*z + 7. Calculate o(-6).
-3
Let b(q) = 2*q**3 + 2*q**2 - q - 1. Let a(l) = -l**2 - l + 4. Suppose -14*j + 32 = 4. Let y be a(j). Determine b(y).
-7
Let s(r) = 4*r**2 + 57*r**3 + 4 - 7*r**2 - 56*r**3 - 7*r - 3*r**2. Calculate s(7).
4
Let z be 6/(1*(-6)/4). Let t(o) = 1070 - 7*o + 9*o - 1068. Determine t(z).
-6
Let y(n) be the first derivative of -7*n**5/40 + n**4/24 + 8*n**3/3 - n**2 - 47. Let m(z) be the third derivative of y(z). Calculate m(1).
-20
Let n(c) = -c**2 + 2*c + 3. Let p(g) = -44*g - 221. Let d be p(-5). Determine n(d).
0
Let v(i) = -i**3 + 4*i**2 - i - 3. Suppose 3*u - 5 = 16. Let z be 468/14 + (-3)/u. Let c be z/9 - (-4)/(-6). What is v(c)?
3
Let s(q) = -8*q**2 - 8*q - 14. Let c(j) = -3*j**2 - 5*j - 7. Let t(n) = -5*c(n) + 2*s(n). What is t(10)?
-3
Let x(w) be the second derivative of 1/12*w**4 + 0 + 13*w - w**2 - 1/2*w**3. Determine x(5).
8
Suppose -4*w + 6 = -2. Let c(m) = m**3 - 7*m**w + 6*m**3 - 2 - 8*m**3. Let a(v) = v**3 - 5*v**2 - 6*v - 7. Let k be a(6). Determine c(k).
-2
Let v(z) be the third derivative of -19*z**2 + 0*z**4 - 5/6*z**3 + 0*z + 1/15*z**5 + 0 + 1/120*z**6. Determine v(-4).
-5
Let d(x) be the third derivative of x**6/120 - x**5/5 + 5*x**4/12 - 5*x**3/3 + 329*x**2. Determine d(11).
-21
Let a(k) = -k**3 + 9*k**2 - k + 4. Suppose 0 = 15*q - 13*q - 88. Let h = -35 + q. Calculate a(h).
-5
Suppose 0 = -2*o + 27 - 9. Let v(s) = 8 - o + 3*s - 6*s. Determine v(2).
-7
Let j(q) be the first derivative of -q**3/3 - 3*q**2 + q + 1. Let t be (-11 - -16)*(4 - 3) + 50/(-5). What is j(t)?
6
Let f(l) be the first derivative of -l**2 - l + 28. What is f(6)?
-13
Let n(g) = -4*g + 10. Suppose 24*l = 238 - 46. Calculate n(l).
-22
Let i(u) = -u + 1. Let s(a) = 4 - 8 + a + 3*a. Let p(f) = -3*i(f) - s(f). What is p(-2)?
3
Suppose 36 = -2*r + 8*r. Let u be 32/(-12)*(2 + (-21)/r). Let v(l) = -l - 1. Determine v(u).
-5
Let t = 128 - 122. Let v(o) = -o**3 + 6*o**2 + 3*o - 3. Determine v(t).
15
Let x(t) = 4*t + 1. Suppose 4*w + 12 = -0*w. Let z(i) be the second derivative of 3*i**3/2 + 3*i**2/2 - 2*i. Let k(f) = w*z(f) + 7*x(f). What is k(2)?
0
Let f(m) = m**2 - 12*m + 30. Let r be f(9). Let w(o) = o + 0 - r + 6 - 1. Calculate w(2).
4
Suppose -1 + 7 = 2*d. Suppose 3*b = -0 + d. Let s(c) = 8*c**3 + 7*c**2 - 2*c - 4. Let w(q) = q**3 + q**2 - 1. Let z(i) = -s(i) + 5*w(i). What is z(b)?
-4
Let o(g) be the first derivative of -g**2/2 - g + 4. Suppose -5*r - 2 = y, -5 = 5*y - 3*r + 5. Determine o(y).
1
Let u(y) = -3*y**2 + 2*y + 1. Let j be u(-1). Let h(o) = 73*o - 4 - 35*o - 36*o. Let b(l) = -l - 1. Let s(m) = j*b(m) + h(m). Calculate s(-2).
-12
Suppose 0 = 2*l + 10 + 2. Let x(t) be the second derivative of -t**3/6 - 5*t**2/2 - 4*t - 61. Calculate x(l).
1
Let p(k) be the second derivative of -k**4/12 - 3*k**3/2 + 5*k**2/2 + 2*k - 68. Determine p(-8).
13
Let t(o) = 2*o + 14. Let m be t(-6). Suppose -3 - 1 = m*u. Let r(k) be the second derivative of k**5/10 + k**4/4 + k**3/6 + k. Calculate r(u).
-6
Suppose 3*o = 4*k + 7, -2*o + 25 = 3*o. Let a(u) = -235*u + 0 - 4 + 232*u + 2 + 1. What is a(k)?
-7
Let j be (50/(-30))/((-15)/(-54)). Let q(v) = v**3 + 5*v**2 - 4*v + 2. Give q(j).
-10
Let x(w) = -w**2 + 6*w. Let b be x(5). Let i(k) = 2*k + 48. Let t be i(-22). Let m(c) = 0*c**2 - t*c + c**3 + 56 - 62 - 4*c**2. What is m(b)?
-1
Let k(i) be the second derivative of i**3/6 + i**2 + 101*i. Suppose 0*m = 5*m + 35. Determine k(m).
-5
Suppose -36*l + 94 = 22. Let o(a) be the second derivative of 1/20*a**5 - 1/6*a**3 + 1/4*a**4 + 0 - 6*a + l*a**2. Calculate o(-3).
7
Let r(z) = z**2 - 5*z. Suppose 2*x = 10 + 14. Suppose 0*b + 3*b - x = 0. What is r(b)?
-4
Let s(n) = -n**2 + 13. Let r = 150 - 8. Suppose 0 = 138*u - r*u. Give s(u).
13
Suppose 3*r + q = -4, 4*q + 2 = -5*r - 0. Let m be (-3)/(-2) + (-1)/r. Let k(j) = 14*j + 12*j**2 + 2 - 6*j**2 - 5*j**2 - 15*j. What is k(m)?
4
Let a(j) = 11*j - 1. Let k(f) = 3*f. Let q(z) = 2*a(z) - 7*k(z). Let v(l) = l**3 - 7*l**2 + 5*l + 8. Let y be v(6). Calculate q(y).
0
Let x(j) = -4*j**3 + j. Let h be (-2)/5 + 60/25. Suppose -3*g = h*q - 13, g - 17 = -4*q + 4. Give x(g).
-3
Let f(s) = s - 8*s + s + 10384 - 7*s**2 - 10390 - s**3. Calculate f(-6).
-6
Suppose -16 = -f + a - 13, 0 = -3*f + a + 9. Let z(y) = -y + 3*y**2 + 4*y**2 + 3 - 5*y**2 - y**3. Calculate z(f).
-9
Let f be (-122)/7 + (-45)/(-105). Let t be (f/51)/((-2)/6). Let x(d) be the third derivative of d**6/10 - d**4/24 - d**2. What is x(t)?
11
Suppose 3*o = 5 + 1. Suppose 0 = -3*m - 5*w + 30, w = 2*m - o*w - 20. Suppose 0 = -2*q - m - 2. Let k(l) = -l - 1. Determine k(q).
5
Suppose -15 = 5*f, 12 = 5*h - 5*f - 13. Suppose 0 = -4*s - h*z - z + 2, -s - 5*z + 9 = 0. Let v(r) be the 